DROP TABLE IF EXISTS `classe`;
CREATE TABLE IF NOT EXISTS `classe` (
  `classe_id` int(11) NOT NULL AUTO_INCREMENT,
  `classe_filiere_id` int(11) DEFAULT NULL,
  `classe_typeFormation_id` int(11) DEFAULT NULL,
  `classe_nom` varchar(100) DEFAULT NULL,
  `classe_departement_id` int(11) DEFAULT NULL,
  `classe_filiere_code` varchar(15) DEFAULT NULL,
  `classe_annee_etude` tinyint(4) DEFAULT NULL,
  `classe_visible` tinyint(1) DEFAULT '1',
  `classe_next_classe_id` int(11) DEFAULT NULL,
  `classe_formation_id` int(11) unsigned NOT NULL,
  `classe_abbr` varchar(50) NOT NULL DEFAULT '',
  `classe_nom_court` varchar(200) NOT NULL DEFAULT '',
  `classe_nom_complet` varchar(300) NOT NULL DEFAULT '',
  `classe_niveau_filiere` int(11) NOT NULL DEFAULT '0',
  `classe_niveau_apresbac` int(11) NOT NULL DEFAULT '0',
  PRIMARY KEY (`classe_id`)
) ENGINE=InnoDB DEFAULT CHARSET=utf8;

INSERT INTO `classe` (`classe_id`, `classe_filiere_id`, `classe_typeFormation_id`, `classe_nom`, `classe_departement_id`, `classe_filiere_code`, `classe_annee_etude`, `classe_visible`, `classe_next_classe_id`, `classe_formation_id`, `classe_abbr`, `classe_nom_court`, `classe_nom_complet`, `classe_niveau_filiere`, `classe_niveau_apresbac`) VALUES
	(1, 1, 1, '1ère Année', 1, '196018E', 3, 1, 2, 4, '1A-LF-ISI-21', '1ère Année Licence fondamentale - ISI', '1ère Année Licence fondamentale - Ingénieurie des systèmes informatiques', 1, 1),
	(2, 1, 1, '2ème Année', 1, '196018E', 2, 1, 3, 4, '2A-LF-ISI-21', '2ème Année Licence fondamentale - ISI', '2ème Année Licence fondamentale - Ingénieurie des systèmes informatiques', 2, 2),
	(3, 1, 1, '3ème Année', 1, '196018E', 1, 1, 127, 4, '3A-LF-ISI-21', '3ème Année Licence fondamentale - ISI', '3ème Année Licence fondamentale - Ingénieurie des systèmes informatiques', 3, 3),
	(4, 55, 1, '4ème Année', NULL, '186673T', 2, 1, 5, 8, '1A-MA-ISI-ISI-22', '1ère Année Master - ISI-ISI', '1ère Année Master - Ingénierie des Systèmes d\'Information', 1, 4),
	(5, 55, 1, '5ème Année', 1, '186673T', 1, 1, NULL, 44, '2A-MS-ISI-ISI-11', '2ème Année Master Spécialisé - ISI-ISI', '2ème Année Master Spécialisé - Ingénierie des Systèmes d\'Information', 2, 5),
	(10, 2, 1, '4ème Année', NULL, '186741J', 2, 1, 11, 9, '1A-MA-ISI-ISRT-22', '1ère Année Master - ISI-ISRT', '1ère Année Master - Ingénierie des Systèmes Réseaux et Télécoms ', 1, 4),
	(11, 2, 1, '5ème Année', NULL, '186741J', 1, 1, NULL, 45, '2A-MS-ISI-ISRT-11', '2ème Année Master Spécialisé - ISI-ISRT', '2ème Année Master Spécialisé - Ingénierie des Systèmes Réseaux et Télécoms ', 2, 5),
	(12, 3, 1, '1ère Année', 1, '195942G', 3, 1, 13, 41, '1A-LP-ME-11', '1ère Année Licence Professionnel - ME', '1ère Année Licence Professionnel - Management des Entreprises ', 1, 1),
	(13, 3, 1, '2ème Année', 1, '195942G', 2, 1, 14, 41, '2A-LP-ME-11', '2ème Année Licence Professionnel - ME', '2ème Année Licence Professionnel - Management des Entreprises ', 2, 2),
	(14, 3, 1, '3ème Année', NULL, '195942G', 1, 1, 127, 41, '3A-LP-ME-11', '3ème Année Licence Professionnel - ME', '3ème Année Licence Professionnel - Management des Entreprises ', 3, 3),
	(16, 4, 1, '4ème Année', NULL, '186408O', 2, 1, 17, 50, '1A-MS-ME-MSTIC-13', '1ère Année Master Spécialisé - ME-MSTIC', '1ère Année Master Spécialisé - Management des Systèmes et Technologies d\'Information et de Communication', 1, 4),
	(17, 4, 1, '5ème Année', NULL, '186408O', 1, 1, NULL, 50, '2A-MS-ME-MSTIC-13', '2ème Année Master Spécialisé - ME-MSTIC', '2ème Année Master Spécialisé - Management des Systèmes et Technologies d\'Information et de Communication', 2, 5),
	(32, 5, 1, '4ème Année', NULL, NULL, 1, 1, NULL, 0, '', '', '', 0, 0),
	(34, 5, 1, '5ème Année', NULL, NULL, 2, 1, NULL, 0, '', '', '', 0, 0),
	(36, 8, 1, '4ème Année', NULL, '186583H', 1, 1, 38, 0, '', '', '', 0, 0),
	(38, 8, 1, '5ème Année', NULL, '186583H', 2, 1, NULL, 0, '', '', '', 0, 0),
	(40, 9, 1, '4ème Année', NULL, '186654A', 2, 1, 42, 52, '1A-MS-ME-IFIN-16', '1ère Année Master Spécialisé - ME-IFIN', '1ère Année Master Spécialisé - Ingénierie en Finance Internationale', 1, 4),
	(42, 9, 1, '5ème Année', NULL, '186654A', 1, 1, NULL, 52, '2A-MS-ME-IFIN-16', '2ème Année Master Spécialisé - ME-IFIN', '2ème Année Master Spécialisé - Ingénierie en Finance Internationale', 2, 5),
	(44, 12, 1, '4ème Année', NULL, '186491T', 2, 1, 46, 49, '1A-MS-ME-ACG-18', '1ère Année Master Spécialisé - ME-ACG', '1ère Année Master Spécialisé - Audit et Contrôle de Gestion', 1, 4),
	(46, 12, 1, '5ème Année', NULL, '186491T', 1, 1, NULL, 49, '2A-MS-ME-ACG-18', '2ème Année Master Spécialisé - ME-ACG', '2ème Année Master Spécialisé - Audit et Contrôle de Gestion', 2, 5),
	(48, 10, 1, '5ème Année', NULL, '186442W', 1, 1, NULL, 51, '2A-MS-ME-MSO-18', '2ème Année Master Spécialisé - ME-MSO', '2ème Année Master Spécialisé - Marketing Stratégique et Operationnel', 2, 5),
	(49, 10, 1, '4ème Année', NULL, '186442W', 2, 1, 48, 51, '1A-MS-ME-MSO-18', '1ère Année Master Spécialisé - ME-MSO', '1ère Année Master Spécialisé - Marketing Stratégique et Operationnel', 1, 4),
	(51, 13, 1, '1ère Année', 1, '195091N', 3, 1, 52, 42, '1A-LP-MIL-17', '1ère Année Licence Professionnel - MIL', '1ère Année Licence Professionnel - Management Industriel et Logistique', 1, 1),
	(52, 13, 1, '2ème Année', 1, '195091N', 2, 1, 53, 42, '2A-LP-MIL-17', '2ème Année Licence Professionnel - MIL', '2ème Année Licence Professionnel - Management Industriel et Logistique', 2, 2),
	(53, 13, 1, '3ème Année', NULL, '195091N', 1, 1, 57, 42, '3A-LP-MIL-17', '3ème Année Licence Professionnel - MIL', '3ème Année Licence Professionnel - Management Industriel et Logistique', 3, 3),
	(57, 14, 1, '4ème Année', NULL, '195093P', 2, 1, 58, 47, '1A-MS-IIL-17', '1ère Année Master Spécialisé - IIL', '1ère Année Master Spécialisé - Ingénierie Industrielle et Logistique', 1, 4),
	(58, 14, 1, '5ème Année', NULL, '195093P', 1, 1, NULL, 47, '2A-MS-IIL-17', '2ème Année Master Spécialisé - IIL', '2ème Année Master Spécialisé - Ingénierie Industrielle et Logistique', 2, 5),
	(61, 15, 1, '4ème Année', NULL, '186753V', 2, 1, 62, 10, '1A-MA-ISI-ISEM-22', '1ère Année Master - ISI-ISEM', '1ère Année Master - Ingénierie des Systèmes Embarqués Mobiles', 1, 4),
	(62, 15, 1, '5ème Année', 1, '186753V', 1, 1, NULL, 46, '2A-MS-ISI-ISEM-16', '2ème Année Master Spécialisé - ISI-ISEM', '2ème Année Master Spécialisé - Ingénierie des Systèmes Embarqués Mobiles', 2, 5),
	(63, 16, 1, 'Master', NULL, NULL, NULL, 1, NULL, 0, '', '', '', 0, 0),
	(64, 17, 1, 'Licence', NULL, NULL, NULL, 1, NULL, 0, '', '', '', 0, 0),
	(65, 18, 1, '1ère Année', 1, 'amaRQ', 2, 1, 66, 29, '1A-CP-IT-21', '1ère Année Classes Préparatoires - IT', '1ère Année Classes Préparatoires - Technologies de l’Information', 1, 1),
	(66, 18, 1, '2ème Année', 1, 'amaRQ', 1, 1, 128, 29, '2A-CP-IT-21', '2ème Année Classes Préparatoires - IT', '2ème Année Classes Préparatoires - Technologies de l’Information', 2, 2),
	(67, 19, 1, '1ère Année', 1, 'll8gj', 2, 1, 68, 30, '1A-CP-TDI-21', '1ère Année Classes Préparatoires - TDI', '1ère Année Classes Préparatoires - Transformation Digitale de l\'industrie', 1, 1),
	(68, 19, 1, '2ème Année', 1, 'll8gj', 1, 1, 128, 30, '2A-CP-TDI-21', '2ème Année Classes Préparatoires - TDI', '2ème Année Classes Préparatoires - Transformation Digitale de l\'industrie', 2, 2),
	(69, 20, 1, '1ère Année', 1, 'XV4Az', 2, 1, 70, 31, '1A-CI-GI-21', '1ère Année Cycle d\'Ingénieur - GI', '1ère Année Cycle d\'Ingénieur - Génie Informatique', 1, 3),
	(70, 20, 1, '2ème Année', 1, 'XV4Az', 1, 1, 128, 31, '2A-CI-GI-21', '2ème Année Cycle d\'Ingénieur - GI', '2ème Année Cycle d\'Ingénieur - Génie Informatique', 2, 4),
	(71, 21, 1, '3ème Année', 1, 'XV4Az', 1, 1, NULL, 32, '3A-CI-GI-ISI-21', '3ème Année Cycle d\'Ingénieur - GI-ISI', '3ème Année Cycle d\'Ingénieur - Ingénierie des Systèmes d’Information', 3, 5),
	(72, 22, 1, '3ème Année', 1, 'XV4Az', 1, 1, NULL, 33, '3A-CI-GI-IDS-21', '3ème Année Cycle d\'Ingénieur - GI-IDS', '3ème Année Cycle d\'Ingénieur - Ingénierie de la Data Science', 3, 5),
	(73, 23, 1, '3ème Année', NULL, 'XV4Az', 1, 1, NULL, 34, '3A-CI-GI-CIoT-21', '3ème Année Cycle d\'Ingénieur - GI-CIoT', '3ème Année Cycle d\'Ingénieur - Développement Cloud et IoT', 3, 5),
	(74, 24, 1, '3ème Année', NULL, 'XV4Az', 1, 1, NULL, 35, '3A-CI-GI-ISRT-21', '3ème Année Cycle d\'Ingénieur - GI-ISRT', '3ème Année Cycle d\'Ingénieur - Ingénierie des Systèmes, Réseaux et Télécoms', 3, 5),
	(75, 25, 1, '3ème Année', NULL, 'XV4Az', 1, 1, NULL, 36, '3A-CI-GI-ISIG-21', '3ème Année Cycle d\'Ingénieur - GI-ISIG', '3ème Année Cycle d\'Ingénieur - Ingénierie des Systèmes d\'Information Géographique', 3, 5),
	(76, 26, 1, '1ère Année', 1, 'loKvM', 3, 1, 77, 0, '', '', '', 0, 0),
	(77, 26, 1, '2ème Année', 1, 'loKvM', 2, 1, 78, 0, '', '', '', 0, 0),
	(78, 26, 1, '3ème Année', NULL, 'loKvM', 1, 1, 127, 0, '', '', '', 0, 0),
	(79, 27, 1, '4ème Année', NULL, 'loKvM', 4, 1, NULL, 0, '', '', '', 0, 0),
	(80, 28, 1, '4ème Année', NULL, 'loKvM', 4, 1, NULL, 0, '', '', '', 0, 0),
	(81, 29, 1, '4ème Année', NULL, 'loKvM', 4, 1, NULL, 0, '', '', '', 0, 0),
	(82, 30, 1, '4ème Année', NULL, 'loKvM', 4, 1, NULL, 0, '', '', '', 0, 0),
	(83, 31, 1, '4ème Année', NULL, 'loKvM', 4, 1, NULL, 0, '', '', '', 0, 0),
	(87, 35, 1, '1ère Année', 1, 'jzr6q', 3, 1, 88, 1, '1A-LF-MA-21', '1ère Année Licence fondamentale - MA', '1ère Année Licence fondamentale - Management des Affaires ', 1, 1),
	(88, 35, 1, '2ème Année', 1, 'jzr6q', 2, 1, 89, 1, '2A-LF-MA-21', '2ème Année Licence fondamentale - MA', '2ème Année Licence fondamentale - Management des Affaires ', 2, 2),
	(89, 35, 1, '3ème Année', NULL, 'jzr6q', 1, 1, 127, 1, '3A-LF-MA-21', '3ème Année Licence fondamentale - MA', '3ème Année Licence fondamentale - Management des Affaires ', 3, 3),
	(97, 43, 1, '1st Year', 1, 'code_vide', 3, 1, 98, 5, '1A-LF-BA-21', '1ère Année Licence fondamentale - BA', '1ère Année Licence fondamentale - Business Administration', 1, 1),
	(98, 43, 1, '2nd Year', 1, 'code_vide', 2, 1, 99, 5, '2A-LF-BA-21', '2ème Année Licence fondamentale - BA', '2ème Année Licence fondamentale - Business Administration', 2, 2),
	(99, 43, 1, '3rd Year', NULL, 'code_vide', 1, 1, 127, 5, '3A-LF-BA-21', '3ème Année Licence fondamentale - BA', '3ème Année Licence fondamentale - Business Administration', 3, 3),
	(103, 47, 1, '1ère Année', 1, 'bXRRX', 2, 1, 104, 37, '1A-CI-TDI-21', '1ère Année Cycle d\'Ingénieur - TDI', '1ère Année Cycle d\'Ingénieur - Transformation Digitale de l\'industrie', 1, 3),
	(104, 47, 1, '2ème Année', 1, 'bXRRX', 1, 1, 128, 37, '2A-CI-TDI-21', '2ème Année Cycle d\'Ingénieur - TDI', '2ème Année Cycle d\'Ingénieur - Transformation Digitale de l\'industrie', 2, 4),
	(105, 48, 1, '3ème Année', 1, 'bXRRX', 1, 1, NULL, 39, '3A-CI-TDI-TDER-21', '3ème Année Cycle d\'Ingénieur - TDI-TDER', '3ème Année Cycle d\'Ingénieur - Transformation Digitale Energétique et Renouvelable', 3, 5),
	(106, 49, 1, '3ème Année', 1, 'bXRRX', 1, 1, NULL, 38, '3A-CI-TDI-TDIL-21', '3ème Année Cycle d\'Ingénieur - TDI-TDIL', '3ème Année Cycle d\'Ingénieur - Transformation Digitale Industrielle et Logistique', 3, 5),
	(107, 51, 1, '1st Year', 1, '', 3, 1, 108, 0, '', '', '', 0, 0),
	(108, 51, 1, '2nd Year', 1, 'code_vide', 2, 1, 130, 6, '2A-LF-IT-21', '2ème Année Licence fondamentale - IT', '2ème Année Licence fondamentale - Information Technology ', 2, 2),
	(109, 52, 1, '1st Year', 1, 'code_vide', 3, 1, 120, 6, '1A-LF-IT-21', '1ère Année Licence fondamentale - IT', '1ère Année Licence fondamentale - Information Technology ', 1, 1),
	(110, 54, 1, '1ère Année', 1, 'code_vide', 3, 1, 115, 3, '1A-LF-MIL-21', '1ère Année Licence fondamentale - MIL', '1ère Année Licence fondamentale - Management Industriel et Logistique', 1, 1),
	(115, 54, 1, '2ème Année', 1, 'code_vide', 2, 1, 116, 3, '2A-LF-MIL-21', '2ème Année Licence fondamentale - MIL', '2ème Année Licence fondamentale - Management Industriel et Logistique', 2, 2),
	(116, 54, 1, '3ème Année', 1, 'code_vide', 1, 1, 127, 3, '3A-LF-MIL-21', '3ème Année Licence fondamentale - MIL', '3ème Année Licence fondamentale - Management Industriel et Logistique', 3, 3),
	(117, 59, 1, '1ère Année', 1, 'code_vide', 3, 1, 118, 2, '1A-LF-MDI-21', '1ère Année Licence fondamentale - MDI', '1ère Année Licence fondamentale - Management et Développement International', 1, 1),
	(118, 59, 1, '2ème Année', 1, 'code_vide', 2, 1, 119, 2, '2A-LF-MDI-21', '2ème Année Licence fondamentale - MDI', '2ème Année Licence fondamentale - Management et Développement International', 2, 2),
	(119, 59, 1, '3ème Année', NULL, 'code_vide', 1, 1, 127, 2, '3A-LF-MDI-21', '3ème Année Licence fondamentale - MDI', '3ème Année Licence fondamentale - Management et Développement International', 3, 3),
	(120, 52, 1, '2nd Year', 1, 'Code vide', 2, 1, 121, 0, '', '', '', 0, 0),
	(121, 52, 1, '3rd Year', NULL, 'Code vide', 1, 1, 127, 6, '3A-LF-IT-21', '3ème Année Licence fondamentale - IT', '3ème Année Licence fondamentale - Information Technology ', 3, 3),
	(122, 60, 1, '1ère Année', 1, 'Code vide', 3, 1, 123, 0, '', '', '', 0, 0),
	(123, 60, 1, '2ème Année', 1, 'Code vide', 2, 1, 124, 0, '', '', '', 0, 0),
	(124, 60, 1, '3ème Année', NULL, 'Code vide', 1, 1, 127, 0, '', '', '', 0, 0),
	(125, 35, 1, '3ème Année', NULL, 'code_vide', 1, 1, 127, 0, '', '', '', 0, 0),
	(126, 61, 1, '4ème Année', NULL, 'code_vide', 2, 1, 129, 14, '1A-MA-ME-CCA-22', '1ère Année Master - ME-CCA', '1ère Année Master - Comptabilité, Contrôle et Audit', 1, 4),
	(127, 62, 1, '4ème Année', NULL, 'code_vide', 1, 1, NULL, 43, '1A-MS-ISI-11', '1ère Année Master Spécialisé - ISI', '1ère Année Master Spécialisé - Ingénieurie des systèmes informatiques', 1, 4),
	(128, 62, 1, '3ème Année', NULL, 'code_vide', 1, 1, NULL, 0, '', '', '', 0, 0),
	(129, 61, 1, '5ème Année', NULL, 'code_vide', 1, 1, NULL, 0, '', '', '', 0, 0),
	(130, 51, 1, '3rd Year', NULL, 'code_vide', 1, 1, 127, 0, '', '', '', 0, 0),
	(132, 63, 1, '4ème Année', NULL, 'code_vide', 2, 1, NULL, 11, '1A-MA-ISI-IIA-22', '1ère Année Master - ISI-IIA', '1ère Année Master - Ingénierie de l\'Intelligence Artificielle', 1, 4),
	(133, 12, 1, '3rd Year IT', NULL, 'code_vide', 3, 1, NULL, 0, '', '', '', 0, 0),
	(134, 64, 1, '4ème Année', NULL, 'code_vide', 2, 1, NULL, 15, '1A-MA-ME-FBA-22', '1ère Année Master - ME-FBA', '1ère Année Master - Finances, Banques et Assurances', 1, 4),
	(135, 65, 1, '4ème Année', NULL, 'code_vide', 2, 1, NULL, 53, '1A-MA-MRH-22', '1ère Année Master - MRH', '1ère Année Master - Management des Ressources Humaines', 1, 4),
	(136, 66, 1, '4ème Année', NULL, 'code_vide', 2, 1, NULL, 18, '1A-MA-MRI-FI-22', '1ère Année Master - MRI-FI', '1ère Année Master - Finance Internationale ', 1, 4),
	(137, 67, 1, '4ème Année', NULL, 'code_vide', 2, 1, NULL, 0, '', '', '', 0, 0),
	(140, 68, 1, '4ème Année', NULL, '327780N', 2, 1, 141, 0, '', '', '', 0, 0),
	(141, 68, 1, '5ème Année', NULL, '327780N', 1, 1, NULL, 0, '', '', '', 0, 0),
	(142, 69, 1, '4ème Année', NULL, 'Vide', 2, 1, NULL, 0, '', '', '', 0, 0),
	(143, 70, 1, '4ème Année', NULL, 'code_vide', 2, 1, NULL, 17, '1A-MA-MRI-GRI-22', '1ère Année Master - MRI-GRI', '1ère Année Master - Gouvernance et Relations Internationale', 1, 4),
	(144, 71, 1, '4ème Année', NULL, '304381R', 2, 1, 145, 28, '1A-MA-IT-CS-22', '1ère Année Master - IT-CS', '1ère Année Master - Cyber Security', 1, 4),
	(145, 71, 1, '5ème Année', NULL, '304381R', 1, 1, NULL, 26, '2A-MA-IT-SE-22', '2ème Année Master - IT-SE', '2ème Année Master - Software Engineering', 2, 5),
	(146, 72, 1, '4ème Année', NULL, '304381R', 2, 1, 147, 0, '', '', '', 0, 0),
	(147, 72, 1, '5ème Année', NULL, '304381R', 1, 1, NULL, 28, '2A-MA-IT-CS-22', '2ème Année Master - IT-CS', '2ème Année Master - Cyber Security', 2, 5),
	(148, 73, 1, '4ème Année', NULL, 'code_vide', 2, 1, NULL, 13, '1A-MA-ME-MSI-22', '1ère Année Master - ME-MSI', '1ère Année Master - Management des Systèmes d\'Information', 1, 4),
	(149, 76, 1, '4ème Année', NULL, 'vide', 2, 1, NULL, 0, '', '', '', 0, 0),
	(150, NULL, NULL, '1ère Année Master - ISI', NULL, '350037Q', 1, 1, NULL, 7, '1A-MA-ISI-22', '1ère Année Master - ISI', '1ère Année Master - Ingénieurie des systèmes informatiques', 1, 4),
	(151, NULL, NULL, '2ème Année Master - ISI', NULL, '350037Q', 2, 1, NULL, 7, '2A-MA-ISI-22', '2ème Année Master - ISI', '2ème Année Master - Ingénieurie des systèmes informatiques', 2, 5),
	(152, NULL, NULL, '2ème Année Master - ISI-ISI', NULL, '350037Q', 2, 1, NULL, 20, '1A-MA-BA-22', '1ère Année Master - BA', '1ère Année Master - Business Administration', 1, 4),
	(153, NULL, NULL, '2ème Année Master - ISI-ISRT', NULL, '350037Q', 2, 1, NULL, 9, '2A-MA-ISI-ISRT-22', '2ème Année Master - ISI-ISRT', '2ème Année Master - Ingénierie des Systèmes Réseaux et Télécoms', 2, 5),
	(154, NULL, NULL, '2ème Année Master - ISI-ISEM', NULL, '350037Q', 2, 1, NULL, 10, '2A-MA-ISI-ISEM-22', '2ème Année Master - ISI-ISEM', '2ème Année Master - Ingénierie des Systèmes Embarqués Mobiles', 2, 5),
	(155, NULL, NULL, '2ème Année Master - ISI-IIA', NULL, '350037Q', 2, 1, NULL, 11, '2A-MA-ISI-IIA-22', '2ème Année Master - ISI-IIA', '2ème Année Master - Ingénierie de l\'Intelligence Artificielle', 2, 5),
	(156, NULL, NULL, '1ère Année Master - ME', NULL, '', 1, 1, NULL, 12, '1A-MA-ME-22', '1ère Année Master - ME', '1ère Année Master - Management des Entreprises', 1, 4),
	(157, NULL, NULL, '2ème Année Master - ME', NULL, '', 2, 1, NULL, 12, '2A-MA-ME-22', '2ème Année Master - ME', '2ème Année Master - Management des Entreprises', 2, 5),
	(158, NULL, NULL, '2ème Année Master - ME-MSI', NULL, '', 2, 1, NULL, 13, '2A-MA-ME-MSI-22', '2ème Année Master - ME-MSI', '2ème Année Master - Management des Systèmes d\'Information', 2, 5),
	(159, NULL, NULL, '2ème Année Master - ME-CCA', NULL, '', 2, 1, NULL, 14, '2A-MA-ME-CCA-22', '2ème Année Master - ME-CCA', '2ème Année Master - Comptabilité, Contrôle et Audit', 2, 5),
	(160, NULL, NULL, '2ème Année Master - ME-FBA', NULL, '', 2, 1, NULL, 15, '2A-MA-ME-FBA-22', '2ème Année Master - ME-FBA', '2ème Année Master - Finances, Banques et Assurances', 2, 5),
	(161, NULL, NULL, '1ère Année Master - MRI', NULL, '327780N', 1, 1, NULL, 16, '1A-MA-MRI-22', '1ère Année Master - MRI', '1ère Année Master - Management et Relations Internationales', 1, 4),
	(162, NULL, NULL, '2ème Année Master - MRI', NULL, '327780N', 2, 1, NULL, 16, '2A-MA-MRI-22', '2ème Année Master - MRI', '2ème Année Master - Management et Relations Internationales', 2, 5),
	(163, NULL, NULL, '2ème Année Master - MRI-GRI', NULL, '327780N', 2, 1, NULL, 17, '2A-MA-MRI-GRI-22', '2ème Année Master - MRI-GRI', '2ème Année Master - Gouvernance et Relations Internationale', 2, 5),
	(164, NULL, NULL, '2ème Année Master - MRI-FI', NULL, '327780N', 2, 1, NULL, 18, '2A-MA-MRI-FI-22', '2ème Année Master - MRI-FI', '2ème Année Master - Finance Internationale', 2, 5),
	(165, NULL, NULL, '1ère Année Master - MRI-MDAI', NULL, '327780N', 1, 1, NULL, 19, '1A-MA-MRI-MDAI-22', '1ère Année Master - MRI-MDAI', '1ère Année Master - Management et Droit des Affaires Internationales', 1, 4),
	(166, NULL, NULL, '2ème Année Master - MRI-MDAI', NULL, '327780N', 2, 1, NULL, 19, '2A-MA-MRI-MDAI-22', '2ème Année Master - MRI-MDAI', '2ème Année Master - Management et Droit des Affaires Internationales', 2, 5),
	(167, NULL, NULL, '2ème Année Master - BA', NULL, '356486A', 2, 1, NULL, 20, '2A-MA-BA-22', '2ème Année Master - BA', '2ème Année Master - Business Administration', 2, 5),
	(168, NULL, NULL, '1ère Année Master - BA-DMC', NULL, '356486A', 1, 1, NULL, 21, '1A-MA-BA-DMC-22', '1ère Année Master - BA-DMC', '1ère Année Master - Digital Marketing and Commmunication', 1, 4),
	(169, NULL, NULL, '2ème Année Master - BA-DMC', NULL, '356486A', 2, 1, NULL, 21, '2A-MA-BA-DMC-22', '2ème Année Master - BA-DMC', '2ème Année Master - Digital Marketing and Commmunication', 2, 5),
	(170, NULL, NULL, '1ère Année Master - BA-PME', NULL, '356486A', 1, 1, NULL, 22, '1A-MA-BA-PME-22', '1ère Année Master - BA-PME', '1ère Année Master - Project Management and Entrepreneurship', 1, 4),
	(171, NULL, NULL, '2ème Année Master - BA-PME', NULL, '356486A', 2, 1, NULL, 22, '2A-MA-BA-PME-22', '2ème Année Master - BA-PME', '2ème Année Master - Project Management and Entrepreneurship', 2, 5),
	(172, NULL, NULL, '1ère Année Master - BA-MBA', NULL, '356486A', 1, 1, NULL, 23, '1A-MA-BA-MBA-22', '1ère Année Master - BA-MBA', '1ère Année Master - Management and Business Administration', 1, 4),
	(173, NULL, NULL, '2ème Année Master - BA-MBA', NULL, '356486A', 2, 1, NULL, 23, '2A-MA-BA-MBA-22', '2ème Année Master - BA-MBA', '2ème Année Master - Management and Business Administration', 2, 5),
	(174, NULL, NULL, '1ère Année Master - IT', NULL, '304381R', 1, 1, NULL, 24, '1A-MA-IT-22', '1ère Année Master - IT', '1ère Année Master - Information Technology', 1, 4),
	(175, NULL, NULL, '2ème Année Master - IT', NULL, '304381R', 2, 1, NULL, 24, '2A-MA-IT-22', '2ème Année Master - IT', '2ème Année Master - Information Technology', 2, 5),
	(176, NULL, NULL, '1ère Année Master - IT-DS', NULL, '304381R', 1, 1, NULL, 25, '1A-MA-IT-DS-22', '1ère Année Master - IT-DS', '1ère Année Master - Data Science', 1, 4),
	(177, NULL, NULL, '2ème Année Master - IT-DS', NULL, '304381R', 2, 1, NULL, 25, '2A-MA-IT-DS-22', '2ème Année Master - IT-DS', '2ème Année Master - Data Science', 2, 5),
	(178, NULL, NULL, '1ère Année Master - IT-SE', NULL, '304381R', 1, 1, NULL, 26, '1A-MA-IT-SE-22', '1ère Année Master - IT-SE', '1ère Année Master - Software Engineering', 1, 4),
	(179, NULL, NULL, '1ère Année Master - IT-CIOT', NULL, '304381R', 1, 1, NULL, 27, '1A-MA-IT-CIOT-22', '1ère Année Master - IT-CIOT', '1ère Année Master - Cloud and Internet of Things', 1, 4),
	(180, NULL, NULL, '2ème Année Master - IT-CIOT', NULL, '304381R', 2, 1, NULL, 27, '2A-MA-IT-CIOT-22', '2ème Année Master - IT-CIOT', '2ème Année Master - Cloud and Internet of Things', 2, 5),
	(181, NULL, NULL, '3ème Année Cycle d\'Ingénieur - GI', NULL, '​102244M', 3, 1, NULL, 31, '3A-CI-GI-21', '3ème Année Cycle d\'Ingénieur - GI', '3ème Année Cycle d\'Ingénieur - Génie Informatique', 3, 5),
	(182, NULL, NULL, '1ère Année Cycle d\'Ingénieur - GI-ISI', NULL, '​102244M', 1, 1, NULL, 32, '1A-CI-GI-ISI-21', '1ère Année Cycle d\'Ingénieur - GI-ISI', '1ère Année Cycle d\'Ingénieur - Ingénierie des Systèmes d’Information', 1, 3),
	(183, NULL, NULL, '2ème Année Cycle d\'Ingénieur - GI-ISI', NULL, '​102244M', 2, 1, NULL, 32, '2A-CI-GI-ISI-21', '2ème Année Cycle d\'Ingénieur - GI-ISI', '2ème Année Cycle d\'Ingénieur - Ingénierie des Systèmes d’Information', 2, 4),
	(184, NULL, NULL, '1ère Année Cycle d\'Ingénieur - GI-IDS', NULL, '​102244M', 1, 1, NULL, 33, '1A-CI-GI-IDS-21', '1ère Année Cycle d\'Ingénieur - GI-IDS', '1ère Année Cycle d\'Ingénieur - Ingénierie de la Data Science', 1, 3),
	(185, NULL, NULL, '2ème Année Cycle d\'Ingénieur - GI-IDS', NULL, '​102244M', 2, 1, NULL, 33, '2A-CI-GI-IDS-21', '2ème Année Cycle d\'Ingénieur - GI-IDS', '2ème Année Cycle d\'Ingénieur - Ingénierie de la Data Science', 2, 4),
	(186, NULL, NULL, '1ère Année Cycle d\'Ingénieur - GI-CIoT', NULL, '​102244M', 1, 1, NULL, 34, '1A-CI-GI-CIoT-21', '1ère Année Cycle d\'Ingénieur - GI-CIoT', '1ère Année Cycle d\'Ingénieur - Développement Cloud et IoT', 1, 3),
	(187, NULL, NULL, '2ème Année Cycle d\'Ingénieur - GI-CIoT', NULL, '​102244M', 2, 1, NULL, 34, '2A-CI-GI-CIoT-21', '2ème Année Cycle d\'Ingénieur - GI-CIoT', '2ème Année Cycle d\'Ingénieur - Développement Cloud et IoT', 2, 4),
	(188, NULL, NULL, '1ère Année Cycle d\'Ingénieur - GI-ISRT', NULL, '​102244M', 1, 1, NULL, 35, '1A-CI-GI-ISRT-21', '1ère Année Cycle d\'Ingénieur - GI-ISRT', '1ère Année Cycle d\'Ingénieur - Ingénierie des Systèmes, Réseaux et Télécoms', 1, 3),
	(189, NULL, NULL, '2ème Année Cycle d\'Ingénieur - GI-ISRT', NULL, '​102244M', 2, 1, NULL, 35, '2A-CI-GI-ISRT-21', '2ème Année Cycle d\'Ingénieur - GI-ISRT', '2ème Année Cycle d\'Ingénieur - Ingénierie des Systèmes, Réseaux et Télécoms', 2, 4),
	(190, NULL, NULL, '1ère Année Cycle d\'Ingénieur - GI-ISIG', NULL, '​102244M', 1, 1, NULL, 36, '1A-CI-GI-ISIG-21', '1ère Année Cycle d\'Ingénieur - GI-ISIG', '1ère Année Cycle d\'Ingénieur - Ingénierie des Systèmes d\'Information Géographique', 1, 3),
	(191, NULL, NULL, '2ème Année Cycle d\'Ingénieur - GI-ISIG', NULL, '​102244M', 2, 1, NULL, 36, '2A-CI-GI-ISIG-21', '2ème Année Cycle d\'Ingénieur - GI-ISIG', '2ème Année Cycle d\'Ingénieur - Ingénierie des Systèmes d\'Information Géographique', 2, 4),
	(192, NULL, NULL, '3ème Année Cycle d\'Ingénieur - TDI', NULL, '​259862S', 3, 1, NULL, 37, '3A-CI-TDI-21', '3ème Année Cycle d\'Ingénieur - TDI', '3ème Année Cycle d\'Ingénieur - Transformation Digitale de l\'industrie', 3, 5),
	(193, NULL, NULL, '1ère Année Cycle d\'Ingénieur - TDI-TDIL', NULL, '​259862S', 1, 1, NULL, 38, '1A-CI-TDI-TDIL-21', '1ère Année Cycle d\'Ingénieur - TDI-TDIL', '1ère Année Cycle d\'Ingénieur - Transformation Digitale Industrielle et Logistique', 1, 3),
	(194, NULL, NULL, '2ème Année Cycle d\'Ingénieur - TDI-TDIL', NULL, '​259862S', 2, 1, NULL, 38, '2A-CI-TDI-TDIL-21', '2ème Année Cycle d\'Ingénieur - TDI-TDIL', '2ème Année Cycle d\'Ingénieur - Transformation Digitale Industrielle et Logistique', 2, 4),
	(195, NULL, NULL, '1ère Année Cycle d\'Ingénieur - TDI-TDER', NULL, '​259862S', 1, 1, NULL, 39, '1A-CI-TDI-TDER-21', '1ère Année Cycle d\'Ingénieur - TDI-TDER', '1ère Année Cycle d\'Ingénieur - Transformation Digitale Energétique et Renouvelable', 1, 3),
	(196, NULL, NULL, '2ème Année Cycle d\'Ingénieur - TDI-TDER', NULL, '​259862S', 2, 1, NULL, 39, '2A-CI-TDI-TDER-21', '2ème Année Cycle d\'Ingénieur - TDI-TDER', '2ème Année Cycle d\'Ingénieur - Transformation Digitale Energétique et Renouvelable', 2, 4),
	(197, NULL, NULL, '1ère Année Licence Professionnel - ISI', NULL, '195984W', 1, 1, NULL, 40, '1A-LP-ISI-16', '1ère Année Licence Professionnel - ISI', '1ère Année Licence Professionnel - Ingénieurie des systèmes informatiques', 1, 1),
	(198, NULL, NULL, '2ème Année Licence Professionnel - ISI', NULL, '195984W', 2, 1, NULL, 40, '2A-LP-ISI-16', '2ème Année Licence Professionnel - ISI', '2ème Année Licence Professionnel - Ingénieurie des systèmes informatiques', 2, 2),
	(199, NULL, NULL, '3ème Année Licence Professionnel - ISI', NULL, '195984W', 3, 1, NULL, 40, '3A-LP-ISI-16', '3ème Année Licence Professionnel - ISI', '3ème Année Licence Professionnel - Ingénieurie des systèmes informatiques', 3, 3),
	(200, NULL, NULL, '2ème Année Master Spécialisé - ISI', NULL, '196018E', 2, 1, NULL, 43, '2A-MS-ISI-11', '2ème Année Master Spécialisé - ISI', '2ème Année Master Spécialisé - Ingénieurie des systèmes informatiques', 2, 5),
	(201, NULL, NULL, '1ère Année Master Spécialisé - ISI-ISI', NULL, '196018E', 1, 1, NULL, 44, '1A-MS-ISI-ISI-11', '1ère Année Master Spécialisé - ISI-ISI', '1ère Année Master Spécialisé - Ingénierie des Systèmes d\'Information', 1, 4),
	(202, NULL, NULL, '1ère Année Master Spécialisé - ISI-ISRT', NULL, '196018E', 1, 1, NULL, 45, '1A-MS-ISI-ISRT-11', '1ère Année Master Spécialisé - ISI-ISRT', '1ère Année Master Spécialisé - Ingénierie des Systèmes Réseaux et Télécoms', 1, 4),
	(203, NULL, NULL, '1ère Année Master Spécialisé - ISI-ISEM', NULL, '196018E', 1, 1, NULL, 46, '1A-MS-ISI-ISEM-16', '1ère Année Master Spécialisé - ISI-ISEM', '1ère Année Master Spécialisé - Ingénierie des Systèmes Embarqués Mobiles', 1, 4),
	(204, NULL, NULL, '1ère Année Master Spécialisé - ME', NULL, '196016C', 1, 1, NULL, 48, '1A-MS-ME-11', '1ère Année Master Spécialisé - ME', '1ère Année Master Spécialisé - Management des Entreprises', 1, 4),
	(205, NULL, NULL, '2ème Année Master Spécialisé - ME', NULL, '196016C', 2, 1, NULL, 48, '2A-MS-ME-11', '2ème Année Master Spécialisé - ME', '2ème Année Master Spécialisé - Management des Entreprises', 2, 5),
	(206, NULL, NULL, '2ème Année Master - MRH', NULL, '', 2, 1, NULL, 53, '2A-MA-MRH-22', '2ème Année Master - MRH', '2ème Année Master - Management des Ressources Humaines', 2, 5);

-- Dumping structure for table supmti_app_database.diplome
DROP TABLE IF EXISTS `diplome`;
CREATE TABLE IF NOT EXISTS `diplome` (
  `dip_id` int(11) unsigned NOT NULL AUTO_INCREMENT,
  `dip_nom` varchar(100) NOT NULL DEFAULT '',
  `dip_abbr` varchar(20) NOT NULL DEFAULT '',
  `dip_nbannees` int(11) NOT NULL DEFAULT '0',
  `dip_niveau_apresbac` int(11) NOT NULL DEFAULT '0',
  PRIMARY KEY (`dip_id`),
  UNIQUE KEY `dip_abbr` (`dip_abbr`)
) ENGINE=InnoDB DEFAULT CHARSET=utf8;

-- Dumping data for table supmti_app_database.diplome: ~7 rows (approximately)
INSERT INTO `diplome` (`dip_id`, `dip_nom`, `dip_abbr`, `dip_nbannees`, `dip_niveau_apresbac`) VALUES
	(1, 'Classes Préparatoires', 'CP', 2, 1),
	(2, 'Cycle d\'Ingénieur', 'CI', 3, 3),
	(3, 'Licence Professionnel', 'LP', 3, 1),
	(4, 'Master', 'MA', 2, 4),
	(5, 'Master Spécialisé', 'MS', 2, 4),
	(6, 'Licence fondamentale', 'LF', 3, 1),
	(7, 'Doctorat', 'DC', 3, 6);


DROP TABLE IF EXISTS `filiere`;
CREATE TABLE IF NOT EXISTS `filiere` (
  `fil_id` int(11) unsigned NOT NULL AUTO_INCREMENT,
  `fil_nom` varchar(100) NOT NULL DEFAULT '',
  `fil_abbr` varchar(20) NOT NULL DEFAULT '',
  `fil_dom_id` int(10) unsigned NOT NULL,
  PRIMARY KEY (`fil_id`),
  UNIQUE KEY `fil_abbr` (`fil_abbr`),
  KEY `fil_dom_id` (`fil_dom_id`)
) ENGINE=InnoDB DEFAULT CHARSET=utf8;


INSERT INTO `filiere` (`fil_id`, `fil_nom`, `fil_abbr`, `fil_dom_id`) VALUES
	(1, 'Business Administration', 'BA', 1),
	(2, 'Génie Informatique', 'GI', 2),
	(3, 'Information Technology', 'IT', 2),
	(4, 'Ingénierie des Systèmes Informatiques', 'ISI', 2),
	(5, 'Ingénierie Industrielle et Logistique', 'IIL', 3),
	(6, 'Management des Affaires', 'MA', 1),
	(7, 'Management des Entreprises', 'ME', 1),
	(8, 'Management et Développement International', 'MDI', 1),
	(9, 'Management et Relations Internationales', 'MRI', 1),
	(10, 'Management Industriel et Logistique', 'MIL', 3),
	(11, 'Technologies de l’information', 'TI', 2),
	(12, 'Transformation Digitale de l\'industrie', 'TDI', 2),
	(13, 'Management des Ressources Humaines', 'MRH', 1);

-- Dumping structure for table supmti_app_database.formation
DROP TABLE IF EXISTS `formation`;
CREATE TABLE IF NOT EXISTS `formation` (
  `for_id` int(10) unsigned NOT NULL AUTO_INCREMENT,
  `for_abbr` varchar(30) NOT NULL,
  `for_nom` varchar(200) NOT NULL,
  `for_diplome_id` int(10) unsigned NOT NULL,
  `for_filiere_id` int(10) unsigned NOT NULL,
  `for_est_accredite` enum('O','N') NOT NULL DEFAULT 'O',
  `for_langue` varchar(10) NOT NULL DEFAULT 'Fr',
  `for_option_id` int(10) unsigned DEFAULT NULL,
  `for_codefiliere` varchar(50) DEFAULT NULL,
  `for_codeoption` varchar(50) DEFAULT NULL,
  `for_asdebut` int(10) unsigned DEFAULT NULL,
  `for_asfin` int(10) unsigned DEFAULT NULL,
  PRIMARY KEY (`for_id`),
  UNIQUE KEY `for_abbr` (`for_abbr`),
  KEY `for_diplome_id` (`for_diplome_id`),
  KEY `for_filiere_id` (`for_filiere_id`),
  KEY `for_option_id` (`for_option_id`)
) ENGINE=InnoDB DEFAULT CHARSET=utf8;


INSERT INTO `formation` (`for_id`, `for_abbr`, `for_nom`, `for_diplome_id`, `for_filiere_id`, `for_est_accredite`, `for_langue`, `for_option_id`, `for_codefiliere`, `for_codeoption`, `for_asdebut`, `for_asfin`) VALUES
	(1, 'LF-MA-21', 'Management des Affaires ', 6, 6, 'O', 'Fr', NULL, '332300X', '332300X', 9, NULL),
	(2, 'LF-MDI-21', 'Management et Développement International', 6, 8, 'O', 'Fr', NULL, '384411O', '384411O', 9, NULL),
	(3, 'LF-MIL-21', 'Management Industriel et Logistique', 6, 10, 'O', 'Fr', NULL, '341562G', '341562G', 9, NULL),
	(4, 'LF-ISI-21', 'Ingénieurie des systèmes informatiques', 6, 4, 'O', 'Fr', NULL, '301042L', '301042L', 9, NULL),
	(5, 'LF-BA-21', 'Business Administration', 6, 1, 'O', 'En', NULL, '375958F', '375958F', 9, NULL),
	(6, 'LF-IT-21', 'Information Technology ', 6, 3, 'O', 'En', NULL, '389295H', '389295H', 9, NULL),
	(7, 'MA-ISI-22', 'Ingénieurie des systèmes informatiques', 4, 4, 'O', 'Fr', NULL, '350037Q', '350037Q', 10, NULL),
	(8, 'MA-ISI-ISI-22', 'Ingénierie des Systèmes d\'Information', 4, 4, 'O', 'Fr', 10, '350037Q', '350037Q/1512800', 10, NULL),
	(9, 'MA-ISI-ISRT-22', 'Ingénierie des Systèmes Réseaux et Télécoms ', 4, 4, 'O', 'Fr', 12, '350037Q', '350037Q/1512801', 10, NULL),
	(10, 'MA-ISI-ISEM-22', 'Ingénierie des Systèmes Embarqués Mobiles', 4, 4, 'O', 'Fr', 11, '350037Q', '350037Q/1512802', 10, NULL),
	(11, 'MA-ISI-IIA-22', 'Ingénierie de l\'Intelligence Artificielle', 4, 4, 'O', 'Fr', 9, '350037Q', '350037Q/1512803', 10, NULL),
	(12, 'MA-ME-22', 'Management des Entreprises ', 4, 7, 'O', 'Fr', NULL, '', '330691K', 10, NULL),
	(13, 'MA-ME-MSI-22', 'Management des Systèmes d\'Information', 4, 7, 'O', 'Fr', 21, '', '', 10, NULL),
	(14, 'MA-ME-CCA-22', 'Comptabilité, Contrôle et Audit', 4, 7, 'O', 'Fr', 18, '', '', 10, NULL),
	(15, 'MA-ME-FBA-22', 'Finances, Banques et Assurances', 4, 7, 'O', 'Fr', 19, '', '', 10, NULL),
	(16, 'MA-MRI-22', 'Management et Relations Internationales', 4, 9, 'O', 'Fr', NULL, '327780N', '327780N', 10, NULL),
	(17, 'MA-MRI-GRI-22', 'Gouvernance et Relations Internationale', 4, 9, 'O', 'Fr', 25, '327780N', '327780N/1039539', 10, NULL),
	(18, 'MA-MRI-FI-22', 'Finance Internationale ', 4, 9, 'O', 'Fr', 24, '327780N', '327780N/1559869', 10, NULL),
	(19, 'MA-MRI-MDAI-22', 'Management et Droit des Affaires Internationales', 4, 9, 'O', 'Fr', 26, '327780N', '327780N/1039540', 10, NULL),
	(20, 'MA-BA-22', 'Business Administration', 4, 1, 'O', 'En', NULL, '356486A', '356486A', 10, NULL),
	(21, 'MA-BA-DMC-22', 'Digital Marketing and Commmunication', 4, 1, 'O', 'En', 1, '356486A', '356486A/1034785', 10, NULL),
	(22, 'MA-BA-PME-22', 'Project Management and Entrepreneurship', 4, 1, 'O', 'En', 3, '356486A', '356486A/1591506', 10, NULL),
	(23, 'MA-BA-MBA-22', 'Management and Business Administration', 4, 1, 'O', 'En', 2, '356486A', '356486A/1034784', 10, NULL),
	(24, 'MA-IT-22', 'Information Technology ', 4, 3, 'O', 'En', NULL, '304381R', '304381R', 10, NULL),
	(25, 'MA-IT-DS-22', 'Data Science', 4, 3, 'O', 'En', 15, '304381R', '304381R/1559855', 10, NULL),
	(26, 'MA-IT-SE-22', 'Software Engineering', 4, 3, 'O', 'En', 16, '304381R', '304381R/1559852', 10, NULL),
	(27, 'MA-IT-CIOT-22', 'Cloud and Internet of Things ', 4, 3, 'O', 'En', NULL, '304381R', '304381R/1559854', 10, NULL),
	(28, 'MA-IT-CS-22', 'Cyber Security', 4, 3, 'O', 'En', 14, '304381R', '304381R/1559853', 10, NULL),
	(29, 'CP-IT-21', 'Technologies de l’Information', 1, 3, 'O', 'Fr', NULL, '​136497X', 'amaRQ', 9, 10),
	(30, 'CP-TDI-21', 'Transformation Digitale de l\'industrie', 1, 12, 'O', 'Fr', NULL, '274545L', 'll8gj', 9, 10),
	(31, 'CI-GI-21', 'Génie Informatique', 2, 2, 'O', 'Fr', NULL, '​102244M', 'XV4Az', 9, NULL),
	(32, 'CI-GI-ISI-21', 'Ingénierie des Systèmes d’Information', 2, 2, 'O', 'Fr', 6, '​102244M', '​102244M/329395', 9, NULL),
	(33, 'CI-GI-IDS-21', 'Ingénierie de la Data Science', 2, 2, 'O', 'Fr', 5, '​102244M', '​102244M/329392', 9, NULL),
	(34, 'CI-GI-CIoT-21', 'Développement Cloud et IoT', 2, 2, 'O', 'Fr', 4, '​102244M', '​102244M/329393', 9, NULL),
	(35, 'CI-GI-ISRT-21', 'Ingénierie des Systèmes, Réseaux et Télécoms', 2, 2, 'O', 'Fr', 8, '​102244M', '​102244M/329396', 9, NULL),
	(36, 'CI-GI-ISIG-21', 'Ingénierie des Systèmes d\'Information Géographique', 2, 2, 'O', 'Fr', 7, '​102244M', '​102244M/329394', 9, NULL),
	(37, 'CI-TDI-21', 'Transformation Digitale de l\'industrie', 2, 12, 'O', 'Fr', NULL, '​259862S', '​259862S', 9, NULL),
	(38, 'CI-TDI-TDIL-21', 'Transformation Digitale Industrielle et Logistique', 2, 12, 'O', 'Fr', 28, '​259862S', '​259862S/372216', 9, NULL),
	(39, 'CI-TDI-TDER-21', 'Transformation Digitale Energétique et Renouvelable', 2, 12, 'O', 'Fr', 27, '​259862S', '​259862S/372217', 9, NULL),
	(40, 'LP-ISI-16', 'Ingénieurie des systèmes informatiques', 3, 4, 'O', 'Fr', NULL, '195984W', '195984W', NULL, 9),
	(41, 'LP-ME-11', 'Management des Entreprises ', 3, 7, 'O', 'Fr', NULL, '195942G', '195942G', NULL, 9),
	(42, 'LP-MIL-17', 'Management Industriel et Logistique', 3, 10, 'O', 'Fr', NULL, '195091N', '195091N', NULL, 10),
	(43, 'MS-ISI-11', 'Ingénieurie des systèmes informatiques', 5, 4, 'O', 'Fr', NULL, '196018E', '196018E', NULL, NULL),
	(44, 'MS-ISI-ISI-11', 'Ingénierie des Systèmes d\'Information', 5, 4, 'O', 'Fr', 10, '196018E', '186673T', NULL, NULL),
	(45, 'MS-ISI-ISRT-11', 'Ingénierie des Systèmes Réseaux et Télécoms ', 5, 4, 'O', 'Fr', 12, '196018E', '186741J', NULL, NULL),
	(46, 'MS-ISI-ISEM-16', 'Ingénierie des Systèmes Embarqués Mobiles', 5, 4, 'O', 'Fr', 11, '196018E', '186753V', NULL, NULL),
	(47, 'MS-IIL-17', 'Ingénierie Industrielle et Logistique', 5, 5, 'O', 'Fr', NULL, '195093P', '195093P', NULL, NULL),
	(48, 'MS-ME-11', 'Management des Entreprises ', 5, 7, 'O', 'Fr', NULL, '196016C', '196016C', NULL, NULL),
	(49, 'MS-ME-ACG-18', 'Audit et Contrôle de Gestion', 5, 7, 'O', 'Fr', 17, '196016C', '186491T', NULL, NULL),
	(50, 'MS-ME-MSTIC-13', 'Management des Systèmes et Technologies d\'Information et de Communication', 5, 7, 'O', 'Fr', 22, '196016C', '186408O', NULL, NULL),
	(51, 'MS-ME-MSO-18', 'Marketing Stratégique et Operationnel', 5, 7, 'O', 'Fr', 23, '196016C', '186442W', NULL, NULL),
	(52, 'MS-ME-IFIN-16', 'Ingénierie en Finance Internationale', 5, 7, 'O', 'Fr', 20, '196016C', '186654A', NULL, NULL),
	(53, 'MA-MRH-22', 'Management des Ressources Humaines', 4, 13, 'N', 'Fr', NULL, '', '', 10, 10);


DROP TABLE IF EXISTS `option`;
CREATE TABLE IF NOT EXISTS `option` (
  `opt_id` int(10) unsigned NOT NULL AUTO_INCREMENT,
  `opt_nom` varchar(100) NOT NULL,
  `opt_abbr` varchar(20) NOT NULL,
  `opt_filiere_id` int(10) unsigned NOT NULL,
  PRIMARY KEY (`opt_id`),
  UNIQUE KEY `opt_abbr` (`opt_abbr`),
  KEY `opt_filiere_id` (`opt_filiere_id`)
) ENGINE=InnoDB DEFAULT CHARSET=utf8;


INSERT INTO `option` (`opt_id`, `opt_nom`, `opt_abbr`, `opt_filiere_id`) VALUES
	(1, 'Digital Marketing and Commmunication', 'BA-DMC', 1),
	(2, 'Management and Business Administration', 'BA-MBA', 1),
	(3, 'Project Management and Entrepreneurship', 'BA-PME', 1),
	(4, 'Développement Cloud et IoT', 'GI-CIoT', 2),
	(5, 'Ingénierie  de la Data Science', 'GI-IDS', 2),
	(6, 'Ingénierie des Systèmes d’Information', 'GI-ISI', 2),
	(7, 'Ingénierie des Systèmes d\'Information Géographique', 'GI-ISIG', 2),
	(8, 'Ingénierie des Systèmes, Réseaux et Télécoms', 'GI-ISRT', 2),
	(9, 'Ingénierie de l’Intelligence Artificielle', 'ISI-IIA', 4),
	(10, 'Ingénierie des Systèmes d’Information', 'ISI-ISI', 4),
	(11, 'Ingénierie des Systèmes Embarqués Mobiles', 'ISI-ISEM', 4),
	(12, 'Ingénierie des Systèmes Réseaux et Télécoms', 'ISI-ISRT', 4),
	(13, 'Cloud and Internet Of Things', 'IT-CLOT', 3),
	(14, 'Cyber Security', 'IT-CS', 3),
	(15, 'Data Science', 'IT-DS', 3),
	(16, 'Software Engineering', 'IT-SE', 3),
	(17, 'Audit et Contrôle de Gestion', 'ME-ACG', 7),
	(18, 'Comptabilité, Contrôle et Audit', 'ME-CCA', 7),
	(19, 'Finances, Banques et Assuraces', 'ME-FBA', 7),
	(20, 'Ingénierie en Finance Internationale', 'ME-IFIN', 7),
	(21, 'Management des Systémes d\'Information', 'ME-MSI', 7),
	(22, 'Management des Systèmes et Technologies d\'Information et de Communication', 'ME-MSTIC', 7),
	(23, 'Marketing Stratégique et Operationnel', 'ME-MSO', 7),
	(24, 'Finance Internationale', 'MRI-FI', 9),
	(25, 'Gouvernance et Relations Internationale', 'MRI-GRI', 9),
	(26, 'Management et Droit des Affaires Internationales', 'MRI-MDAI', 9),
	(27, 'Transformation Digitale Energétique et Renouvelable', 'TDI-TDER', 12),
	(28, 'Transformation Digitale Industrielle et Logistique', 'TDI-TDIL', 12);
